 3
Let z = -16 - -30. What are the prime factors of z?
2, 7
Let p(h) = -h**2 - 9*h - 11. Let f be p(-8). What are the prime factors of (f/2)/((-4)/8)?
3
Let x(h) be the first derivative of h**4/12 - h**3/6 - 3*h + 3. Let s(r) be the first derivative of x(r). What are the prime factors of s(4)?
2, 3
Let u(i) = -i**2 + 13*i - 7. Let z = -16 - -28. Let m be u(z). Suppose m*x - 3*x = 22. What are the prime factors of x?
11
Suppose -3*c + 1529 = 8*c. What are the prime factors of c?
139
Let m(y) = 7*y**2 - 17. List the prime factors of m(-5).
2, 79
Let a = 5 + -2. Suppose -a*v + 5 = -16. Let y = v + -3. List the prime factors of y.
2
Suppose 3*f - 86 = r + 4*r, 0 = 4*f + 4*r - 136. List the prime factors of 1*9*f/24.
2, 3
Let n(k) = -9*k - 4. Let u(a) = -2*a**2 - 17*a + 6. Let f be u(-9). What are the prime factors of n(f)?
23
Suppose -4*l - 15 = -9*l. What are the prime factors of l?
3
Suppose 0 = -z - 0*z + 46. What are the prime factors of z?
2, 23
Suppose 0*q = -3*q + 15. Suppose -q = -3*m + 4. What are the prime factors of m?
3
Suppose -4*w = 2*l - 8, l + 1 = 5. Let y(t) = -t**3 - t**2 - t + 4. List the prime factors of y(w).
2
Let z(o) = -o - 6. Let x be z(0). List the prime factors of x/(-30) + (-39)/(-5).
2
Suppose 4*d = -3*t + 2*t + 15, -t = d. Let u = 84 + -42. Suppose -d*c + 58 = -u. List the prime factors of c.
2, 5
Let v = 13 + -10. Suppose 3*n - 5*s - 17 = 0, 0 = -n - v*n + s. Let u = 18 + n. List the prime factors of u.
17
Let u(w) = 3*w + 11. Let o(i) = i**3 - 6*i**2 + 4*i + 9. Let v be o(5). What are the prime factors of u(v)?
23
Suppose 4*c - 5*v - 6 = 0, 0 = -5*v - 12 + 2. Let l be -1*(c - -2)*0. Suppose 5*m = -l*m + 45. List the prime factors of m.
3
Suppose 0 = i + i - 6. Suppose 2 = i*k - 4*g - 2, -4*g = -4*k + 12. List the prime factors of k.
2
Let j be 4/10 - (-36)/10. Suppose 0 = -j*r - 41 - 7. Let u = r + 17. List the prime factors of u.
5
What are the prime factors of 331 + 2 + (-3 - 0)?
2, 3, 5, 11
Let b be ((-16)/(-20))/((-3)/15). Let i(s) = -s**3 - 2*s**2 - s - 3. List the prime factors of i(b).
3, 11
Let h(f) = -2*f**3 - 3*f**2 - f + 1. Suppose 2*s = -5 + 1. List the prime factors of h(s).
7
Let a(q) = 4*q**2 - q. Let r be a(1). Let m(t) = 4*t + t - 4*t - 2 - 2*t**2 + t**r. What are the prime factors of m(3)?
2, 5
Suppose -3*o - 125 = -4*o. What are the prime factors of o?
5
Suppose 4*n - n = 6. List the prime factors of n.
2
Let k(x) = 3*x**2 - 4*x + 4. What are the prime factors of k(-4)?
2, 17
Let b(z) = z**2 + 7*z + 15. List the prime factors of b(-6).
3
Let m(v) = -v**2 + 6*v + 1. Let w be m(3). Suppose 0 = -5*i + 3*i + w. What are the prime factors of i?
5
Let a(d) = 5*d**2 - 8*d + 10. List the prime factors of a(5).
5, 19
Let n = 15 - 9. Suppose 7*q - 44 = n*q. List the prime factors of q.
2, 11
Suppose -2*b + 3*q = -150, -368 = -6*b + b + 4*q. Let k be 4/10 + b/20. Suppose k*t + 40 = 4*g, -t + 8 = 3*t. List the prime factors of g.
2, 3
Let k = -9 - -14. Suppose -2*h - 5*y = -21, 3*h - k*y + 6 = -0*h. Suppose z - 5*w = -2*w - 2, -z + 28 = h*w. What are the prime factors of z?
13
Suppose 3*r - c - 428 = -155, 3*r - 282 = -2*c. What are the prime factors of r?
2, 23
Let a = -24 - -47. What are the prime factors of a?
23
Suppose -3*h = h - 60. Let m be 152/6 + 10/h. Suppose -4*a + 2*a = -m. List the prime factors of a.
13
Let r be -13 + 3*(2 + -1). Let u = -3 - r. Suppose -5*b + 3*j + 15 = -u, -3*b = -4*j - 22. List the prime factors of b.
2
Let x = 116 - 67. List the prime factors of x/(2/(-4)*-2).
7
Let p = 134 - 3. What are the prime factors of p?
131
Suppose 3*h + 14 = h. Let t(s) = -s**2 - 12*s + 10. Let j(a) = a**2 + 11*a - 10. Let p(w) = -5*j(w) - 4*t(w). List the prime factors of p(h).
2, 5
Suppose s + s + f - 273 = 0, -2*f = s - 135. What are the prime factors of s?
137
List the prime factors of (-3)/(-15) + (-69)/(-5).
2, 7
Let g be (1 - 0)/((-3)/(-6)). Let r = 3 + g. List the prime factors of (-2 - -1)*(1 - r).
2
Let n(z) = -7*z - 41. What are the prime factors of n(-8)?
3, 5
Suppose -10 = 5*i - 0*i. Let b(u) = 2*u**2 - u + 1. List the prime factors of b(i).
11
Suppose 6*o - 3 = 3*o. Let d(k) = 2*k + 2. Let p be d(1). Suppose p = r + o. What are the prime factors of r?
3
Let u = -1 - -4. Suppose u*o = -o + 16. Let v(i) = 6*i - 3. List the prime factors of v(o).
3, 7
Let l = -6 + 10. Let i(k) = 3*k + 3. What are the prime factors of i(l)?
3, 5
Let p be (-6)/(-3) - 4 - -5. Suppose -5*c = p + 22. What are the prime factors of 134/10 - (-2)/c?
13
Let d = -13 - -27. Suppose 0 = -3*z + 32 - 5. Let n = d - z. What are the prime factors of n?
5
Let d(y) be the third derivative of y**5/15 + y**4/24 - 6*y**2. Suppose -2*i = c - 1, 4*i + 0*c + 1 = -c. What are the prime factors of d(i)?
3
Suppose 2*l + 4*a = 22, 0*a + 12 = 4*a. Suppose -15 = -l*w + 2*w. Suppose j - 2*j + w = 0. What are the prime factors of j?
5
Suppose -15 = -4*g - 3. Let q(b) = 2*b**2 - 2*b - 2. List the prime factors of q(g).
2, 5
Let m(z) be the second derivative of -z**3/6 + 8*z**2 + 4*z. What are the prime factors of m(9)?
7
Let r = -2 + 2. List the prime factors of 4*((-22)/(-8) - r).
11
Suppose 2 = -2*s + 4. Let v be s/(-1) + 0 + 0. List the prime factors of v/(8/6)*-16.
2, 3
Suppose -4*m = -3*m + d - 15, -5*m = -3*d - 59. Let g = m - 0. List the prime factors of g.
13
Let v = -53 + 111. List the prime factors of v.
2, 29
Suppose 11*a - 996 - 192 = 0. List the prime factors of a.
2, 3
Let f = 4 + 17. What are the prime factors of f?
3, 7
Let h(p) = -p**3 - 5*p**2 - 6*p - 3. Let u be h(-4). Let r(b) = 3*b - 9. List the prime factors of r(u).
2, 3
Let s(z) = z**3 - 4*z**2 + 2*z + 3. Let a be s(3). Suppose 200 = 5*w - 5*p, a*p - 12 = 4*p. What are the prime factors of w?
37
Suppose -21 = -3*f + 369. Suppose -5*w = -f + 10. List the prime factors of w.
2, 3
Let c(u) = u + 8. Let p be ((-2)/(-4))/(1/(-12)). Let t be c(p). List the prime factors of (3 + -2)/(t/4).
2
Let b be -1 + 0/3 - -1. Let y(x) = -x**2 - x + 6. What are the prime factors of y(b)?
2, 3
Suppose -2*j - 8 = 2*j. What are the prime factors of 2/(-4)*j - -7?
2
Let f = 25 - 14. List the prime factors of f.
11
Suppose -5*b + 5*s - 20 = 0, 0 = -3*b - s - 0*s - 12. Let n be b/(-14) + 170/(-7). Let u = -12 - n. What are the prime factors of u?
2, 3
Let z be 5/3*9/3. Suppose -5*y + 3*v = -41, 0*y - 2*y + z*v = -24. What are the prime factors of y?
7
Let u = 2 - 4. List the prime factors of (-3 + 3 - u) + 5.
7
Let t be (1/(-3))/(4/(-48)). Let k(c) = -2*c + 0 + 3 + 3 + c**2 - 3. What are the prime factors of k(t)?
11
Let k(l) = l**3 + 3*l**2 - 2. Let m be k(-3). Let f be m/4*(1 - 1). List the prime factors of -1 + f + (-1 - -10).
2
List the prime factors of -10*-4*((-75)/20 + 4).
2, 5
Let c(o) = -o**2 - o + 4*o**3 + o**3 - 2*o**3. Let i be c(-1). What are the prime factors of i/(-9) - 58/(-6)?
2, 5
Let m(c) = c**2 + 20. Let z be m(0). Let v be z/(-5)*3/(-2). Suppose -v*y = -2*y - 20. What are the prime factors of y?
5
Let c(t) = -t**3 + 4*t**2 - t - 3. Let z be c(3). Suppose 2*q - 30 = -5*v, z*q + 0 - 6 = -v. What are the prime factors of v?
2, 3
Suppose -2*y = 4*i - 16, i = 4*i - 5*y - 25. Suppose -4*d + 0*z + i*z = -132, -99 = -3*d + 5*z. List the prime factors of d.
3, 11
Suppose 450 - 66 = 4*a. List the prime factors of a.
2, 3
Suppose 0*r + 3*r = 3. Let s = 2 + r. Suppose 4*k - 7 = s*k. List the prime factors of k.
7
Let i(c) = -3*c. Let v be i(-1). Suppose -v*u - d + 37 = -u, -3*u = -5*d - 88. Let b = -4 + u. What are the prime factors of b?
17
Suppose -w + 3 = h - 7, h = -3*w. Suppose -2*l + 2*b + h = 5, -19 = -3*l + b. Suppose 3*n - 8 = 2*s, 15 = 5*n - l*s + 2*s. What are the prime factors of n?
2
Suppose -3*b = -4*b + 31. What are the prime factors of b?
31
Let u = 8 + -10. List the prime factors of 4/(20/9 + u).
2, 3
Let u be (-1)/(1 + 18/(-19)). Let q = 43 + u. Suppose 5*x + 4*t = 41 - 7, 2*x = t + q. List the prime factors of x.
2, 5
Let t(c) = -11*c + 4. List the prime factors of t(-2).
2, 13
Let a(p) = p**3 - 4*p + 3. Let m be a(2). Suppose -3*j - 13 = -6*j + 4*v, -7 = -5*j + m*v. What are the prime factors of 5 - (-2 + j + 1)?
7
Suppose -3 + 8 = -5*l. Let v = l - -6. What are the prime factors of v?
5
Let t(s) = 11*s**2 + 4*s - 3. Suppose -3*x + 2 = -4. List the prime 